hat is the units digit of u(g)?
8
Let b(s) = -s - 42. Let p be b(19). Let v = p + 184. What is the hundreds digit of v?
1
What is the hundreds digit of ((-24)/(-10))/(23/(281060/39))?
7
Let u be 5 - 1/((-3)/(-9)). Let z(p) = 0*p + 2*p + 0 - p + u. What is the units digit of z(9)?
1
Suppose 5*d = -4*k + 3530, 2*d + 74*k - 70*k = 1400. What is the tens digit of d?
1
Let w = 2687 - 1139. What is the hundreds digit of w?
5
Let s(f) = f**3 + 13*f**2 - 12*f + 31. Let h be s(-14). Suppose 3*c = -h*o + 435, -3*o = -5*c + 2*o + 775. What is the units digit of c?
0
Let l = 173 + 215. What is the tens digit of l?
8
Let n be 2 + (-1 - -2 - 1). Let z be -2*3/12*(2 + -2). Suppose z*x = n*x - 40. What is the units digit of x?
0
Let v be (-2 + (-9)/(-6))*-42. Let h be -7*(9/v + -1). Suppose 4*w = -5*d + h + 19, 2*w = -4*d + 16. What is the units digit of w?
2
Suppose -4*c + 5*n + 40 = 0, -5*n + 13 = 5*c - 2*n. What is the units digit of -3 - 7*(-15)/c?
8
Let g(n) = 42*n + 6. Let m be g(2). What is the tens digit of m + -6 + (6 - 2)?
8
Let m = -77 - -87. Suppose 4*j + 3*d + 24 = 0, -2*d - d + 30 = -5*j. Let q = m + j. What is the units digit of q?
4
Suppose 3*b + 352 = 2*f, 5*b - 2*f + 608 = -4*f. Let u = -41 - b. What is the units digit of u?
9
Suppose 18*n - 2360 = 13*n. What is the tens digit of n?
7
Let b = -27 - -41. Suppose b*x + 385 = 19*x. What is the units digit of x?
7
Suppose 4*h = 2*h + 6. Suppose g + 0*y - 98 = -5*y, -h*y = g - 90. Suppose -i + g = 5*i. What is the units digit of i?
3
Let y(d) = 2*d**2 - 17*d - 3. What is the tens digit of y(12)?
8
What is the hundreds digit of (-14)/3*(-45657)/178?
1
Suppose -15*b - 1820 = -19*b. What is the units digit of b?
5
Suppose 32*z = -3*z + 76755. What is the units digit of z?
3
Let u(c) be the third derivative of 0*c - 5*c**2 + 5/2*c**3 + 0 + 5/24*c**4. What is the tens digit of u(7)?
5
Let x(n) = -2*n**2 - 97*n - 229. What is the hundreds digit of x(-37)?
6
Suppose 8*x = 6*x + 1226. What is the units digit of x?
3
Let r(g) = 3*g**3 - 6*g**2 - 24*g - 2. What is the hundreds digit of r(8)?
9
What is the hundreds digit of 5*-1 + (-10 - -645 - 2)?
6
Let y be (-15750)/162 - (-4)/18. Let k = 21 - y. What is the tens digit of k?
1
Let n be ((-8)/24)/((-1)/24). Let b = n + -8. Suppose b = x + 3*x - 4. What is the units digit of x?
1
Let k(n) = -162*n + 4. What is the thousands digit of k(-9)?
1
Suppose 44*g - 42*g - 440 = 0. Suppose -3*o + 157 = p, -4*o + g = 4*p - 0*p. What is the tens digit of o?
5
Suppose -22 + 7 = 5*f, -3*g + 8196 = f. What is the thousands digit of g?
2
Suppose 11*x = 2*x + 729. Let r = 309 - x. What is the units digit of r?
8
Let h(k) = 69*k**2 + 4*k - 3. Let n(d) = 68*d**2 + 4*d - 3. Let m(r) = -4*h(r) + 5*n(r). What is the hundreds digit of m(2)?
2
Suppose -v - 3*u + 537 = 0, -1068 = 2*v - 4*v - 3*u. What is the units digit of v?
1
Let q(f) = -2*f + 3. Let d be q(-10). Suppose w = -d + 74. What is the units digit of w?
1
Suppose 6*p + 26 = 152. Let z = p - 14. Suppose -2*v + z*v = 190. What is the tens digit of v?
3
Let n(z) = 4*z**2 + 4*z - 11. Let a be -2*3/12*10. Let t be n(a). Suppose 0 = 4*u + 5 - t. What is the tens digit of u?
1
Let h = -1006 - -1134. What is the units digit of h?
8
Let o = 175 + 277. What is the hundreds digit of o?
4
Let f = 6 + 0. Suppose 3*m = -u + 132, 5*m + f*u - 220 = 2*u. Let c = 73 - m. What is the units digit of c?
9
What is the hundreds digit of ((-10)/15 - (-644)/12)*3?
1
Suppose 0 = -4*l - 5*m + 396 + 2017, 3*m = -2*l + 1207. What is the units digit of l?
2
Let s be (7 + -6)/(3/33). Suppose -s - 3 = -n. Let r = 25 - n. What is the units digit of r?
1
Let a be (-665)/(-209) + 4/(-22). Suppose -a*v = -v - 80. What is the units digit of (4/(-10))/((-2)/v)?
8
Let u(d) = -d**2 - 34*d - 74. Let t be u(-30). Let b = 137 + t. What is the units digit of b?
3
Let b(p) = -13*p + 44 + p**2 - 8*p + 9*p. What is the tens digit of b(17)?
2
Let k(p) = p + 7. Let y be k(-3). Suppose 0 = 8*o - y*o + 2*n - 366, -474 = -5*o + 3*n. What is the units digit of o?
3
Let o(k) = 2*k**2 - 2*k - 7. Let z be o(-2). Suppose -1 - 4 = 5*d, d = 4*j - 1057. Suppose -j = -z*r - r. What is the units digit of r?
4
Suppose -2*u - 22 = 2*d, 5*u - d = 2*d - 71. Suppose 4*p + 26 = -t - 16, -4*p - 2*t - 44 = 0. Let h = p - u. What is the units digit of h?
3
Let u(v) = v. Let g be u(0). Let c(n) = -n**2 + n + 4. Let o be c(g). Suppose -o*r - 7 = -19. What is the units digit of r?
3
Suppose -63*g = -66*g. Suppose 5*j - 3*l - 935 = g, -3*j + 420 + 141 = -5*l. What is the tens digit of j?
8
Let f(p) = p**2 - 18*p - 1. Let h(o) = -7*o - 51. Let c be h(-10). What is the units digit of f(c)?
8
Suppose 65295 - 19515 = 42*h. What is the thousands digit of h?
1
Suppose 0 = g - 30 + 24. Let b(n) = -n**2 - 8*n - 7. Let i be b(-7). Suppose i = -a + g*a - 130. What is the units digit of a?
6
Let k be 1*(-2 + 3) + -1. Let q(t) = -4 + t - 4 + k + 5. What is the units digit of q(5)?
2
Suppose i - 114 = 4. What is the hundreds digit of i?
1
Let n(a) = -a**3 - 22*a**2 - 5*a + 22. Let u be n(-22). Let s = 5 + u. What is the tens digit of s?
3
Let t(b) = b**2 + 2*b - 17. Let g be (117/(-26))/(2/(-8)). Let m = 25 - g. What is the units digit of t(m)?
6
Suppose 2*k - 3718 = -4*z, 3*z + 0*k - 2790 = -2*k. What is the hundreds digit of z?
9
Let x(q) = -3*q + 9. Let t be x(4). Let n be (t - -1)*516/(-12). Suppose 5*p - 3*j = n, -p + j + 10 = -2*j. What is the tens digit of p?
1
Let d be -9*((-2)/(-12) - (-10)/(-12)). What is the units digit of (d/(-9))/(2/(-366))?
2
Suppose 3*u = 5*u - 6654. What is the tens digit of u?
2
Let h(s) = -59*s + 60. What is the hundreds digit of h(-9)?
5
Suppose -23936 = 3*r - 14*r. What is the thousands digit of r?
2
Suppose 0 = 3*t + 1 - 7. Suppose t*u - 66 = -16. What is the units digit of u?
5
Let g be -2*((-3 - 1) + 15 + -13). Suppose -5*n - 741 = -g*v, -4*n = 3*v - 8*n - 557. What is the units digit of v?
9
Let h = -345 - -523. Suppose 0 = 9*g - h - 722. What is the hundreds digit of g?
1
Let d = 79 + -76. What is the tens digit of (-313)/(-2) + d/(-6)?
5
Let l(f) = -2 + 0*f**2 + 1 + 4*f - f**2 + 5 - f**3. Let k be l(-4). What is the tens digit of (-3)/((k/140)/(-3))?
3
Suppose -3*g + 4*d + 2339 = 0, 4*g - 3*d = 8*g - 3102. What is the hundreds digit of g?
7
Suppose -2*l = 4*c - 11 - 9, 0 = -2*c - 5*l + 10. Suppose 0 = -8*v - c*v + 1625. What is the units digit of v?
5
Suppose 2*p - 2 = -3*f, -5*f + 0*f = -p - 12. Suppose f*o - 58 = 6. What is the tens digit of o?
3
Let l(p) = 12*p**3 + 4*p**2 - 15*p - 10. What is the hundreds digit of l(7)?
1
Suppose 5*a = -2*s + 3970, 2977 + 991 = 2*s + 4*a. What is the units digit of s?
0
Let m be 2/(((-1 + 0)*-1)/9). Suppose 0 = 5*y + 3*i - 934, 5*i = -3 + m. What is the tens digit of y?
8
Let t = -2849 + 4769. What is the thousands digit of t?
1
Suppose 4*s - 270 = -3*g + 617, 2*g + s - 598 = 0. Let q = -142 + g. What is the tens digit of q?
5
Suppose 3060 = 1474*g - 1462*g. What is the hundreds digit of g?
2
Let x = 79 + -20. Suppose -5*p = l + l - 77, 2*l = p + x. What is the tens digit of l?
3
Suppose -8 = d - 4*t, 2*d - 4*t + 2 = -6. Let a be 0 - d - (3 + 3). What is the units digit of 5/(-15) + (-164)/a?
7
Let q = 516 + -117. Suppose -q = -6*z - 69. What is the tens digit of z?
5
Let u(n) = n**2 - 9*n. Let f = -9 + 13. Let v be u(f). Let c = v + 24. What is the units digit of c?
4
Suppose -5*r - 2*b + 7795 = 0, 3*r + 3*b = 2*b + 4677. What is the units digit of r?
9
Suppose -3*l = -4*r - 1871 + 579, 2*l + 4*r - 868 = 0. What is the tens digit of l?
3
Let q = 17 + -17. Suppose q = 10*a - 11*a + 5. Let j(z) = 7*z - 7. What is the units digit of j(a)?
8
Let t = 43 - 52. Let w(s) = -s**3 - 9*s**2 - 3*s - 13. What is the units digit of w(t)?
4
Let q(m) = -10*m - 8. Let j be q(14). What is the units digit of (-9)/(-6)*j/(-6)?
7
Let h = 2793 + -1839. What is the units digit of h?
4
Suppose -3*i - 21 = -6, -5*s + 3020 = 5*i. What is the hundreds digit of s?
6
Suppose -12*d = -44*d + 38912. What is the units digit of d?
6
Suppose -5*u - 2*m = -10, 2*u = 5*m + 1 + 3. Suppose 0 = 2*o - s - 3, 5*o = u*o + 3*s. Suppose o*c = -3*c + 102. What is the units digit of c?
7
Let z(q) = 2*q**2 - 2*q - 1. Let k be z(-1). Let h be (16/32)/((-1)/(-20)). Wha